
22
What is the remainder when 525975 is divided by 107?
70
What is the remainder when 2665326 is divided by 386?
382
What is the remainder when 8156961 is divided by 8156957?
4
Calculate the remainder when 37572580 is divided by 345.
10
What is the remainder when 756346 is divided by 137?
106
What is the remainder when 316793 is divided by 23?
14
Calculate the remainder when 7503939 is divided by 3313.
3307
What is the remainder when 114814 is divided by 114771?
43
Calculate the remainder when 13771 is divided by 4119.
1414
What is the remainder when 215851929 is divided by 20?
9
What is the remainder when 462830 is divided by 7?
4
Calculate the remainder when 77869441 is divided by 119.
6
What is the remainder when 2706862 is divided by 740?
682
What is the remainder when 11052386 is divided by 1018?
978
Calculate the remainder when 451052908 is divided by 2134.
2132
What is the remainder when 1355327 is divided by 158?
3
What is the remainder when 116371907 is divided by 49?
43
Calculate the remainder when 456377 is divided by 16206.
2609
What is the remainder when 18792504 is divided by 2112?
2040
Calculate the remainder when 18707672 is divided by 29.
4
Calculate the remainder when 195289 is divided by 21647.
466
Calculate the remainder when 8220356 is divided by 31.
24
Calculate the remainder when 167978872 is divided by 26.
22
Calculate the remainder when 103648 is divided by 24.
16
Calculate the remainder when 46186901 is divided by 387.
386
What is the remainder when 4250129 is divided by 79?
8
What is the remainder when 4110821 is divided by 1370273?
2
Calculate the remainder when 339161 is divided by 240.
41
Calculate the remainder when 16354531 is divided by 101.
5
What is the remainder when 14174982 is divided by 11109?
11007
What is the remainder when 1000656 is divided by 250160?
16
What is the remainder when 89677 is divided by 89664?
13
What is the remainder when 3108963 is divided by 90?
3
Calculate the remainder when 36882 is divided by 1471.
107
What is the remainder when 2835374 is divided by 708838?
22
Calculate the remainder when 330081 is divided by 4073.
168
Calculate the remainder when 22146 is divided by 3647.
264
What is the remainder when 73517 is divided by 36725?
67
What is the remainder when 692454 is divided by 3141?
1434
Calculate the remainder when 194635 is divided by 4439.
3758
What is the remainder when 390909601 is divided by 10?
1
Calculate the remainder when 14625891 is divided by 588.
567
What is the remainder when 125914 is divided by 25136?
234
Calculate the remainder when 20199899 is divided by 21.
20
What is the remainder when 257532 is divided by 565?
457
Calculate the remainder when 120083 is divided by 428.
243
What is the remainder when 2303294 is divided by 59058?
32
What is the remainder when 11435259 is divided by 3811742?
33
Calculate the remainder when 1701966 is divided by 9952.
174
What is the remainder when 28781 is divided by 13501?
1779
What is the remainder when 70343 is divided by 1719?
1583
Calculate the remainder when 2186755 is divided by 18690.
25
What is the remainder when 70608753 is divided by 391?
18
What is the remainder when 9465035 is divided by 9465020?
15
What is the remainder when 239018 is divided by 181?
98
What is the remainder when 2325874 is divided by 178911?
31
What is the remainder when 5133319 is divided by 680?
679
What is the remainder when 71519425 is divided by 3421?
3420
What is the remainder when 240416 is divided by 1425?
1016
Calculate the remainder when 4671585 is divided by 1557191.
12
What is the remainder when 4382750 is divided by 876466?
420
Calculate the remainder when 76348 is divided by 3221.
2265
What is the remainder when 1419214 is divided by 709527?
160
What is the remainder when 2539165 is divided by 70531?
49
What is the remainder when 179921 is divided by 530?
251
What is the remainder when 3525089 is divided by 25?
14
What is the remainder when 1385622 is divided by 9426?
0
What is the remainder when 518777 is divided by 732?
521
What is the remainder when 590668 is divided by 45?
43
What is the remainder when 57318 is divided by 187?
96
Calculate the remainder when 981710 is divided by 75516.
2
What is the remainder when 2626839 is divided by 136?
135
What is the remainder when 712306 is divided by 428?
114
Calculate the remainder when 11609071 is divided by 107.
106
Calculate the remainder when 5887385 is divided by 214.
31
Calculate the remainder when 3416557 is divided by 6410.
27
What is the remainder when 16541905 is divided by 5615?
115
What is the remainder when 171965 is divided by 9678?
7439
Calculate the remainder when 3250789 is divided by 361.
345
What is the remainder when 115881303 is divided by 56?
55
Calculate the remainder when 233130455 is divided by 39.
38
What is the remainder when 3702929 is divided by 4717?
84
What is the remainder when 38467780 is divided by 66?
10
What is the remainder when 15188 is divided by 1244?
260
Calculate the remainder when 432527 is divided by 216179.
169
Calculate the remainder when 25280578 is divided by 13.
11
Calculate the remainder when 351642719 is divided by 376.
375
What is the remainder when 30553 is divided by 7635?
13
What is the remainder when 7047951 is divided by 847?
64
Calculate the remainder when 489502631 is divided by 8.
7
Calculate the remainder when 220666 is divided by 220495.
171
Calculate the remainder when 1758214 is divided by 1076.
30
What is the remainder when 139665 is divided by 1748?
1573
What is the remainder when 6158529 is divided by 19995?
69
Calculate the remainder when 12121 is divided by 1146.
661
What is the remainder when 401220 is divided by 1?
0
Calculate the remainder when 4140150 is divided by 180006.
12
What is the remainder when 129545 is divided by 48?
41
Calculate the remainder when 59824 is divided by 9842.
772
Calculate the remainder when 289242 is divided by 288626.
616
What is the remainder when 14748 is divided by 2968?
2876
Calculate the remainder when 4191642 is divided by 290.
272
What is the remainder when 2198353 is divided by 87934?
3
Calculate the remainder when 3110160 is divided by 1555037.
86
Calculate the remainder when 34908116 is divided by 17454037.
42
What is the remainder when 2343340 is divided by 178?
148
Calculate the remainder when 603502829 is divided by 630.
629
Calculate the remainder when 79744 is divided by 37.
9
Calculate the remainder when 98161 is divided by 48861.
439
What is the remainder when 193810 is divided by 3643?
731
Calculate the remainder when 22571312 is divided by 22571289.
23
Calculate the remainder when 9810398 is divided by 107.
103
Calculate the remainder when 480018 is divided by 4948.
62
What is the remainder when 16116 is divided by 199?
196
Calculate the remainder when 112634171 is divided by 4668.
4667
What is the remainder when 48036 is divided by 257?
234
Calculate the remainder when 3067149 is divided by 3256.
3253
Calculate the remainder when 66725991 is divided by 66725982.
9
Calculate the remainder when 34234 is divided by 34175.
59
What is the remainder when 16041208 is divided by 1261?
27
What is the remainder when 69460526 is divided by 79?
13
What is the remainder when 20100074 is divided by 20100058?
16
Calculate the remainder when 293093 is divided by 4009.
436
What is the remainder when 1087741 is divided by 108771?
31
What is the remainder when 62349334 is divided by 76?
74
What is the remainder when 23973594 is divided by 75?
69
What is the remainder when 474585 is divided by 22593?
132
Calculate the remainder when 48886493 is divided by 218.
211
What is the remainder when 17307101 is divided by 335?
331
What is the remainder when 1059 is divided by 426?
207
What is the remainder when 6591358 is divided by 83?
79
Calculate the remainder when 299966 is divided by 717.
260
What is the remainder when 5203527 is divided by 1918?
1911
Calculate the remainder when 171880 is divided by 12262.
212
Calculate the remainder when 538194 is divided by 90.
84
Calculate the remainder when 1105560 is divided by 526.
434
What is the remainder when 23137131 is divided by 1258?
1253
Calculate the remainder when 22033936 is divided by 582.
580
Calculate the remainder when 13210869 is 